3 composite?
False
Is 1261705 composite?
True
Is 1613123 composite?
False
Is 863153 a composite number?
False
Is 5919709 a composite number?
True
Is 2331929 a prime number?
True
Is 5373817 prime?
False
Is 436249067 a composite number?
False
Is 565163 prime?
True
Is 3469247 a composite number?
False
Is 97233313 composite?
False
Is 1939381 a prime number?
True
Is 1632079 a composite number?
False
Is 3355519 composite?
False
Is 854429 a prime number?
False
Is 2307821 a composite number?
False
Is 898153 prime?
True
Is 60007 a prime number?
False
Is 2570041 a prime number?
False
Is 3024733 prime?
True
Is 23674801 prime?
False
Is 5438903 a composite number?
False
Is 554962931 a composite number?
False
Is 16936037 a prime number?
True
Is 3011791 composite?
False
Is 47756773 composite?
False
Is 42397163 a prime number?
False
Is 771159197 prime?
True
Is 213700103 prime?
True
Is 1567057 composite?
False
Is 654213509 a composite number?
False
Is 1467062845 a prime number?
False
Is 1547129 a prime number?
True
Is 25202297 composite?
False
Is 115949 composite?
True
Is 3285823 a composite number?
False
Is 92142089 a composite number?
True
Is 36177203 composite?
True
Is 15854457 a composite number?
True
Is 88598119 a prime number?
False
Is 44415223 composite?
True
Is 14265473 prime?
False
Is 1385369 a composite number?
False
Is 736151137 composite?
False
Is 1516358 a composite number?
True
Is 1975571 a prime number?
False
Is 52804355 a composite number?
True
Is 25954489 a composite number?
True
Is 14951843 prime?
False
Is 248524543 a composite number?
False
Is 12469033 prime?
False
Is 40403369 a prime number?
True
Is 90138193 a composite number?
False
Is 138835621 a prime number?
False
Is 3656867 a prime number?
True
Is 9183007 a prime number?
False
Is 62918131 a prime number?
False
Is 23126907 composite?
True
Is 1701383 a composite number?
True
Is 16260569 a composite number?
True
Is 10185419 composite?
False
Is 5847011 a prime number?
False
Is 1694281 prime?
True
Is 189034273 a prime number?
True
Is 143846233 composite?
True
Is 881849 a composite number?
False
Is 129570757 composite?
True
Is 962191 a prime number?
False
Is 308521201 a prime number?
False
Is 70415771 prime?
True
Is 17242535 a composite number?
True
Is 6707773 composite?
True
Is 21532543 a prime number?
False
Is 114162977 prime?
True
Is 12614341 a prime number?
False
Is 20906689 prime?
False
Is 3150299 prime?
False
Is 2532637 composite?
False
Is 134640889 a prime number?
False
Is 5347861 composite?
True
Is 122454997 a prime number?
False
Is 98887529 composite?
True
Is 31071343 a composite number?
False
Is 4972811 composite?
True
Is 250256599 a composite number?
False
Is 16028327 a composite number?
True
Is 7660805 composite?
True
Is 163546121 composite?
False
Is 17628719 composite?
True
Is 75174347 a composite number?
False
Is 596693 a composite number?
False
Is 12444659 prime?
True
Is 11156459 prime?
False
Is 14733049 prime?
True
Is 298523 prime?
False
Is 4462313 a prime number?
False
Is 97886773 a composite number?
False
Is 1011131983 a composite number?
False
Is 138102869 a composite number?
False
Is 11134581 a composite number?
True
Is 15049163 composite?
False
Is 215016623 composite?
True
Is 28088351 a composite number?
True
Is 43075229 a prime number?
False
Is 5677187 a prime number?
True
Is 2809637 a prime number?
True
Is 453567 a composite number?
True
Is 5791826 a composite number?
True
Is 8566287 a composite number?
True
Is 28248017 a composite number?
True
Is 5328391 composite?
False
Is 9777857 a prime number?
False
Is 3747917 prime?
True
Is 5181007 a prime number?
False
Is 17238703 prime?
True
Is 110161 composite?
False
Is 31877033 prime?
True
Is 536642135 a prime number?
False
Is 6974531 a prime number?
True
Is 530947 composite?
False
Is 1505563 a prime number?
True
Is 48695557 prime?
True
Is 35093651 prime?
True
Is 59474689 prime?
True
Is 155973431 composite?
True
Is 55118443 a composite number?
False
Is 1999909 composite?
True
Is 83477413 a composite number?
True
Is 7119331 prime?
False
Is 5529143 a prime number?
False
Is 645645449 a prime number?
False
Is 8368421 a composite number?
False
Is 40350521 a composite number?
False
Is 2499269 a composite number?
False
Is 25140659 a composite number?
True
Is 27334607 a prime number?
True
Is 9218434 composite?
True
Is 877199 composite?
False
Is 465951647 a prime number?
False
Is 305063 prime?
False
Is 776966251 composite?
False
Is 224240971 prime?
True
Is 445071331 composite?
False
Is 448051 prime?
False
Is 24531107 a prime number?
True
Is 5564249 a composite number?
False
Is 144826181 a composite number?
False
Is 4572329 a prime number?
False
Is 78186889 a prime number?
False
Is 16469087 composite?
False
Is 138645203 prime?
True
Is 10521365 prime?
False
Is 19928953 prime?
False
Is 7332189 a composite number?
True
Is 261756763 prime?
True
Is 30803683 a composite number?
False
Is 16962613 a prime number?
False
Is 2262049 a composite number?
False
Is 8399641 composite?
False
Is 1201657 a composite number?
True
Is 5936547 composite?
True
Is 382587 a prime number?
False
Is 1462819 a composite number?
False
Is 34304593 a composite number?
True
Is 470977 composite?
True
Is 626159 prime?
True
Is 598049 a prime number?
True
Is 529097 prime?
True
Is 67201513 prime?
True
Is 1535921 a prime number?
False
Is 619626023 prime?
True
Is 2361517 a prime number?
False
Is 71496643 a prime number?
True
Is 130788859 a prime number?
False
Is 717257 prime?
False
Is 25082111 prime?
False
Is 405104279 prime?
True
Is 57007459 prime?
False
Is 81479 a prime number?
False
Is 105617 composite?
True
Is 91297438 prime?
False
Is 276876302 prime?
False
Is 1301947 composite?
True
Is 40706983 composite?
True
Is 1469851 a composite number?
False
Is 32804213 composite?
True
Is 33393809 a prime number?
False
Is 61815441 a prime number?
False
Is 22321931 composite?
True
Is 91288643 composite?
True
Is 40681583 composite?
True
Is 258409 composite?
True
Is 1154167447 a prime number?
True
Is 5330513 a prime number?
True
Is 13035643 a composite number?
False
Is 272318407 a composite number?
True
Is 17580713 a prime number?
True
Is 86705 composite?
True
Is 363758543 composite?
True
Is 1542347 a prime number?
True
Is 155845331 a prime number?
True
Is 11220973 prime?
False
Is 9808217 a prime number?
True
Is 133692311 a prime number?
True
Is 578071769 a prime number?
False
Is 43697489 composite?
True
Is 242399 prime?
True
Is 352811545 a composite number?
True
Is 3879959 composite?
False
Is 215791661 prime?
True
Is 158352193 composite?
True
Is 17263357 prime?
True
Is 1114069 prime?
False
Is 77145281 prime?
True
Is 2443807 a prime number?
True
Is 118342643 a composite number?
False
Is 207277195 a prime number?
False
Is 53778997 a composite number?
False
Is 22662359 a prime number?
True
Is 2704661 composite?
False
Is 5295239 composite?
False
Is 315698401 a composite number?
True
Is 86105267 prime?
True
Is 2321987 composite?
True
Is 3399794 a composite number?
True
Is 20381563 composite?
True
Is 1704041 prime?
True
Is 9111047 a composite number?
True
Is 1072217 prime?
False
Is 22453027 prime?
False
Is 1491995 a composite number?
True
Is 3050681 a composite number?
False
Is 297426529 a prime number?
False
Is 759848123 a prime number?
False
Is 39411773 a composite number?
False
Is 47685787 a prime number?
False
Is 71532239 a prime number?
False
Is 651943 a composite number?
False
Is 742303 prime?
False
Is 54432527 a composite number?
True
Is 12660841 prime?
False
Is 2385281 a composite number?
False
Is 4039131 prime?
False
Is 2081099 a prime number?
True
Is 328247 a composite number?
True
Is 2091437 composite?
False
Is 51066611 a composite number?
False
Is 615024001 composite?
False
Is 16457653 a prime number?
False
Is 33907213 composite?
False
Is 513778607 prime?
False
Is 98666558 a prime number?
False
Is 97332167 prime?
True
Is 5578709 a prime number?
False
Is 115011917 a prime number?
True
Is 32261503 prime?
True
Is 14689783 a composite number?
False
Is 3532673 a prime number?
True
Is 22458349 prime?
False
Is 416777 prime?
False
Is 1735157 prime?
False
Is 298116101 composite?
False
Is 2959681 a composite number?
False
Is 7959761 a composite number?
False
Is 208898039 a prime numb